8) + w)/(3/96). Calculate the remainder when (c/(-35) + 2)/(1/42) is divided by 20.
16
Suppose 2*v - 44 = -3*j + 56, v + 2*j - 48 = 0. Let u = 5615 - 5479. What is the remainder when u is divided by v?
24
Let w = -660 - -669. Calculate the remainder when 46 is divided by (-32)/(-72) - (-329)/w.
9
Let w = -305 - -317. Calculate the remainder when 20 is divided by 7 + (-1 - -2)/((-6)/w).
0
Let x = 33 - 26. Let s be (x/(-21))/((-1)/12). Suppose 0 = s*p + 13 - 73. What is the remainder when p is divided by 5?
0
Suppose b = 39 - 15. Calculate the remainder when 38 is divided by b.
14
Let b = 93 + -68. Suppose -7*x + b*x = 270. Calculate the remainder when x is divided by 8.
7
Let l = 224 + -212. Suppose -55 = -4*o + 5*z + 22, -o - 5*z = l. Let u(a) = 8*a - 8. What is the remainder when u(7) is divided by o?
9
Suppose 2*z - 98 = z - 3*m, -z + 58 = -5*m. Let p = z - 68. Calculate the remainder when 87 is divided by p.
12
Suppose 37*b + 38*b = 9600. Calculate the remainder when 387 is divided by b.
3
What is the remainder when (682/(-88))/((26/(-264))/13) is divided by 103?
96
Let a = -1648 - -1727. Calculate the remainder when 552 is divided by a.
78
Suppose 157*u + 167*u = 134136. What is the remainder when 22353 is divided by u?
411
Let n(g) = g**2 - 2*g - 2. Let h be 18/8*(-56)/(-21). Suppose -h = -3*u, -2*a + a = u - 10. What is the remainder when n(5) is divided by a?
5
Let v(w) = -32*w + 45*w**2 + w**3 + 2 - 17*w**2 + 16 - 14*w**2. What is the remainder when 66 is divided by v(-16)?
12
What is the remainder when (-2)/6 - 830103/(-801) is divided by 95?
86
Suppose -7*x + 118 = -92. Suppose x*t = 31*t - 29. Suppose -118 = -t*c + 27*c. Calculate the remainder when c is divided by 22.
15
Let c(w) = -7*w**3 + 7*w**2 + 13*w + 9. Let l(x) = 5*x**3 - 7*x**2 - 14*x - 8. Let d(n) = -2*c(n) - 3*l(n). What is the remainder when d(7) is divided by 20?
18
Suppose 3*c - 12*u - 612 = -16*u, 0 = 4*c + 5*u - 817. Calculate the remainder when ((-2)/(-6))/((-8)/(-888)) is divided by ((-9)/36)/(-1 + 204/c).
11
Suppose -2 = o, 2*l - 89*o - 598 = -86*o. Let h = -14 - -30. Suppose -h*s + 8*s = -l. Calculate the remainder when 71 is divided by s.
34
Let g(x) = 19*x**2 + 311*x + 28. Calculate the remainder when g(-17) is divided by 13.
11
What is the remainder when ((-327)/(-6) + (-54)/108)/((-2)/(-62)) is divided by 553?
15
Let x(t) = -90*t - 107. What is the remainder when x(-13) is divided by 38?
37
Let g(r) = r**2 + 181*r - 1065. Calculate the remainder when 720 is divided by g(6).
36
Calculate the remainder when ((9639/(-2))/9 - 2/(-4))*-2 is divided by 63.
62
Suppose 2*z + 5*u + 8 = 0, -3*z + 7 - 2 = -u. Suppose 5*d - 101 = -z. What is the remainder when 98 is divided by d?
18
Let r(g) = 7*g**2 - 33*g - 15. Let h(p) = p**2 + 3*p - 5. Let j be h(-5). Suppose q = j*q - 136. What is the remainder when r(7) is divided by q?
29
Suppose -3*c = 9, -4*t + 4*c + 139 = 15. Let g(h) = 2*h**2 + 35*h. Calculate the remainder when t is divided by g(-18).
10
Suppose 88 + 1226 = -3*w. Let q = -207 - w. Calculate the remainder when 40 is divided by (8/(-6))/((-22)/q).
12
Let i = 181 + -156. Suppose -4*s + 44 + 4 = 0. Calculate the remainder when (-18)/225 - (-852)/i is divided by s.
10
Let y be -1 + (4 - 2) + 1. What is the remainder when (y/2)/(2/110) is divided by 110/(-176)*3*(-9 + 1)?
10
Let r(f) = f**2 + 2*f - 4. Let m be (-22)/(-11) - (-5)/(5/42). Suppose -5*p + 223 = 2*c, 3*c - m = -5*p + 278. What is the remainder when c is divided by r(-6)?
19
Let v = 143 + -145. Calculate the remainder when (2/(-6))/((-3)/423) is divided by (v/5 - (-74)/(-15))*-3.
15
Suppose 4*a + 8 = 2*d + 46, -5*a + 50 = -2*d. Suppose a*k = 9*k. Suppose k = -y + 139 - 33. What is the remainder when y is divided by 18?
16
Let g = -103 + 102. Let h be 2*g/(-4) + (-57)/(-38). Calculate the remainder when ((-219)/9)/(h + (-21)/9) is divided by 19.
16
Suppose -5*c + z + 17 = 3, -3*z = -3. Suppose -c*d - 41 = -89. What is the remainder when 56 is divided by d?
8
Let g(t) = -203*t - 3434. Calculate the remainder when 48 is divided by g(-17).
14
Let r = 143 - 140. What is the remainder when 89 is divided by r/(-2) + 264/(-32)*-2?
14
Calculate the remainder when ((-8835)/10 + 0)*(-4 + 2) is divided by 52.
51
Suppose -716 = 7*p - 11*p + 3*d, 0 = -4*d. Suppose -p = -3*w - 2*g, 3*g - 55 = 3*w - 4*w. What is the remainder when w is divided by 8?
5
Suppose -i + k - 6 = 0, 0*i - 5*i = 2*k + 16. Let n(v) = 11 - 30 - 5*v + 2 + 3. What is the remainder when n(i) is divided by 6?
0
Let m(g) be the third derivative of -g**5/30 - g**4/6 - g**3/2 + 29*g**2. Let t be m(-3). Let d = t + 26. Calculate the remainder when 48 is divided by d.
14
Let r = 236 - -137. Let x = -115 + r. Calculate the remainder when x is divided by 8.
2
Let q = -843 + 876. Let v(n) = -2 - 4*n + 9*n + 12*n - 4*n. Calculate the remainder when v(5) is divided by q.
30
Let w = 414 + -408. Let b(p) = p**2 - 9*p + 3. Let h be b(9). Suppose -h*v = -34 - 17. What is the remainder when v is divided by w?
5
Let q be ((-140)/(-50))/((-2)/10). Let j be 0*(4/14 + 18/q). Suppose 3*k + 6 = j, 5*d - k = d + 118. What is the remainder when d is divided by 15?
14
Let r(h) = -4*h**2 - 15*h + 6. Let z be r(-4). Let m(v) = 3*v**3 + 2*v**2 + 16*v - 29. Calculate the remainder when 68 is divided by m(z).
33
Let n be -6*((-8)/(-4) - 9). Let b(z) = -55*z + 401. Let i be b(7). Suppose 19*d = i*d + n. Calculate the remainder when 96 is divided by d.
12
Suppose 5*s = -56*s + 3965. Calculate the remainder when 190 is divided by s.
60
Suppose -i + 1 = -j, 13*i - 6 = 9*i + 3*j. Suppose 3*y = i*q + 90, -6*y + 2*y + 3*q + 119 = 0. What is the remainder when 2*((-115)/(-2) + -1) is divided by y?
26
Let x(l) be the first derivative of -l**4/4 + l**3 + l**2/2 + 24. Let j be x(3). Calculate the remainder when 81 is divided by (-6)/j*(-13 - 1).
25
Suppose 5*x + 8 = 26*d - 27*d, -2*x = 8. What is the remainder when 358 is divided by d?
10
Let u(b) = b - 3. Suppose -13 = 99*o - 104*o - x, 3*o + 1 = -5*x. What is the remainder when o is divided by u(6)?
0
Let x(d) = -10*d + 52*d**2 - 50*d**2 + 7 - 3*d**3 + 6 + 4*d**3. What is the remainder when 62 is divided by x(2)?
8
Suppose -8 = -4*u, 5*n - 3*n = -u - 60. Let i = -10 - n. Let y = 24 - i. What is the remainder when 8 is divided by y?
2
Let x = 396 + -225. Suppose 401 + 99 = 31*o - 399. Calculate the remainder when x is divided by o.
26
Suppose 283*t - 34844 - 4776 = 0. What is the remainder when 1390 is divided by t?
130
Let g(t) = 2*t**2 + 24*t + 19. Let a = -97 - -112. Calculate the remainder when g(-16) is divided by a.
12
Let l = 9609 + -9476. What is the remainder when 2788 is divided by l?
128
Suppose 6*b - 222 = -6. Let l = -32 + b. Let x = 10 + l. What is the remainder when 52 is divided by x?
10
Suppose -1917 = -12*n - 357. Suppose -8*q + n = -6. Calculate the remainder when q is divided by 10.
7
Suppose 20*k - 6*k - 650 = 680. What is the remainder when 483 is divided by k?
8
Let y(f) = -4280*f**3 + 4*f - 8*f**2 + 4278*f**3 + 1 + 6. Calculate the remainder when 170 is divided by y(-5).
22
Let n(o) = 277*o**2 + 107*o + 106. What is the remainder when n(-1) is divided by 68?
4
Let k = -2 - -9. Let q(w) = 11*w + 147. Let x be q(-11). Suppose k*t - 86 = x. What is the remainder when 47 is divided by t?
15
Let r(l) = -236*l - 1. Suppose p - s - 59 = 0, 38*p + 2*s - 2328 = -3*s. What is the remainder when r(-1) is divided by p?
52
Suppose 9*n + 30 = 4*n. Suppose -761*b + 1443 = -650*b. Calculate the remainder when b is divided by (-3)/n + 34/4.
4
Let z = 223 - 75. Let a be 1186/(-10) + 407/(-55) + 8. Let c = a + z. Calculate the remainder when c is divided by 4.
2
Suppose 5*v + 4*q - 48 - 54 = 0, -5*v + 100 = 5*q. Suppose -4*m + 5*l = 58, m + 78 = -3*m - 5*l. Let g = -5 - m. What is the remainder when v is divided by g?
10
Let y be (21/(-14))/(6/(-12)). What is the remainder when 143/5 - 8/(-20) is divided by (-5)/10*(0 + -28) - y?
7
Suppose 3*x + 21*d - 2878 = 26*d, 3*x + 2*d = 2864. What is the remainder when x is divided by 162?
146
Let i be 543/(-5) - 14/35. Let w = i - -134. Suppose -2*k - 12 = -106. Calculate the remainder when k is divided by w.
22
Let i = 525 + -646. Let h = 157 + i. What is the remainder when 94 is divide